ons digit of 1147962485?
1
What is the ten thousands digit of 293438437?
3
What is the tens digit of 154641706?
0
What is the units digit of 232893286?
6
What is the hundred millions digit of 1375823655?
3
What is the ten millions digit of 118805474?
1
What is the hundred thousands digit of 615312671?
3
What is the hundred thousands digit of 2635651862?
6
What is the ten thousands digit of 300621461?
2
What is the hundred thousands digit of 1863199270?
1
What is the hundreds digit of 6199282550?
5
What is the ten millions digit of 1971886004?
7
What is the hundreds digit of 28204204?
2
What is the units digit of 160720417?
7
What is the ten thousands digit of 660222959?
2
What is the hundred thousands digit of 1669232787?
2
What is the tens digit of 24843179?
7
What is the units digit of 22192355?
5
What is the hundred millions digit of 348092842?
3
What is the ten millions digit of 4527832653?
2
What is the ten millions digit of 529290288?
2
What is the ten thousands digit of 12724826?
2
What is the units digit of 557401015?
5
What is the hundred millions digit of 116649602?
1
What is the ten millions digit of 178488791?
7
What is the units digit of 3854350671?
1
What is the units digit of 446236252?
2
What is the tens digit of 3988886600?
0
What is the hundred thousands digit of 1354623258?
6
What is the millions digit of 2136016057?
6
What is the thousands digit of 69950159?
0
What is the hundred millions digit of 2113154221?
1
What is the units digit of 470508017?
7
What is the hundred millions digit of 1484893821?
4
What is the tens digit of 4997444172?
7
What is the ten thousands digit of 1263922267?
2
What is the millions digit of 298338311?
8
What is the millions digit of 3923360?
3
What is the tens digit of 872439575?
7
What is the tens digit of 2431634?
3
What is the ten thousands digit of 158809069?
0
What is the thousands digit of 873446134?
6
What is the thousands digit of 10121414?
1
What is the ten millions digit of 19797621?
1
What is the thousands digit of 42524802?
4
What is the millions digit of 61749473?
1
What is the thousands digit of 202359880?
9
What is the billions digit of 2973411614?
2
What is the millions digit of 278940774?
8
What is the ten thousands digit of 203945191?
4
What is the tens digit of 101554416?
1
What is the ten thousands digit of 287617038?
1
What is the tens digit of 236579350?
5
What is the hundred thousands digit of 23089306?
0
What is the tens digit of 118199720?
2
What is the hundred thousands digit of 1375608442?
6
What is the ten millions digit of 366850257?
6
What is the thousands digit of 91393948?
3
What is the thousands digit of 54287133?
7
What is the thousands digit of 25885381?
5
What is the thousands digit of 214518230?
8
What is the billions digit of 2855479671?
2
What is the thousands digit of 526414807?
4
What is the ten millions digit of 826209272?
2
What is the hundreds digit of 150120602?
6
What is the units digit of 91614841?
1
What is the thousands digit of 5785011209?
1
What is the millions digit of 1721583130?
1
What is the units digit of 102829720?
0
What is the hundred thousands digit of 2609894107?
8
What is the hundreds digit of 11008128?
1
What is the ten millions digit of 2083907674?
8
What is the ten thousands digit of 9662294?
6
What is the hundred thousands digit of 607522188?
5
What is the ten thousands digit of 4389823760?
2
What is the billions digit of 1679149011?
1
What is the millions digit of 2072959495?
2
What is the tens digit of 6181160956?
5
What is the hundred thousands digit of 2403742?
4
What is the units digit of 792309540?
0
What is the hundred thousands digit of 5777767232?
7
What is the millions digit of 110178305?
0
What is the units digit of 583633535?
5
What is the hundred millions digit of 2564581160?
5
What is the hundred thousands digit of 38469119?
4
What is the hundreds digit of 39466055?
0
What is the ten millions digit of 1313955356?
1
What is the hundred thousands digit of 44480640?
4
What is the thousands digit of 2115087412?
7
What is the tens digit of 1909205014?
1
What is the ten thousands digit of 1595041939?
4
What is the ten thousands digit of 115057612?
5
What is the thousands digit of 187293136?
3
What is the hundreds digit of 162299138?
1
What is the ten millions digit of 31157345?
3
What is the thousands digit of 495877928?
7
What is the tens digit of 28070105?
0
What is the thousands digit of 25791801?
1
What is the ten thousands digit of 111326734?
2
What is the ten millions digit of 157231364?
5
What is the hundred millions digit of 145954904?
1
What is the tens digit of 27582343?
4
What is the ten thousands digit of 971601936?
0
What is the hundreds digit of 1982285485?
4
What is the millions digit of 396082236?
6
What is the hundred thousands digit of 9828750?
8
What is the thousands digit of 8083425525?
5
What is the ten thousands digit of 453317683?
1
What is the hundred thousands digit of 982059755?
0
What is the hundred thousands digit of 3845202595?
2
What is the hundred thousands digit of 254395693?
3
What is the ten millions digit of 249048125?
4
What is the ten millions digit of 33581201?
3
What is the ten millions digit of 700234995?
0
What is the ten thousands digit of 10134999?
3
What is the hundred thousands digit of 8456239090?
2
What is the units digit of 7101130882?
2
What is the hundreds digit of 1671282195?
1
What is the hundred millions digit of 153151523?
1
What is the hundreds digit of 83277475?
4
What is the millions digit of 39438624?
9
What is the ten millions digit of 43228650?
4
What is the billions digit of 3034168133?
3
What is the hundred thousands digit of 28146122?
1
What is the thousands digit of 358437885?
7
What is the hundred thousands digit of 25619252?
6
What is the units digit of 5556893836?
6
What is the hundred thousands digit of 42640293?
6
What is the thousands digit of 173272090?
2
What is the ten thousands digit of 827791452?
9
What is the hundreds digit of 80279831?
8
What is the hundred thousands digit of 814629?
8
What is the ten thousands digit of 47069653?
6
What is the ten thousands digit of 2080597077?
9
What is the hundred millions digit of 186860144?
1
What is the units digit of 268292978?
8
What is the tens digit of 1515308986?
8
What is the tens digit of 29448181?
8
What is the millions digit of 42715117?
2
What is the units digit of 184279856?
6
What is the units digit of 288902506?
6
What is the tens digit of 31559243?
4
What is the hundred millions digit of 413036104?
4
What is the hundred thousands digit of 428325082?
3
What is the tens digit of 40018357?
5
What is the thousands digit of 780333032?
3
What is the ten thousands digit of 37562198?
6
What is the hundreds digit of 2557553994?
9
What is the tens digit of 73738752?
5
What is the ten thousands digit of 1792385094?
8
What is the ten millions digit of 188575120?
8
What is the ten thousands digit of 447087682?
8
What is the thousands digit of 3231897980?
7
What is the ten millions digit of 111613987?
1
What is the units digit of 97667933?
3
What is the ten millions digit of 439861639?
3
What is the hundred thousands digit of 1518365383?
3
What is the billions digit of 2267365111?
2
What is the ten thousands digit of 342086364?
8
What is the hundred thousands digit of 431833596?
8
What is the ten thousands digit of 12937052?
3
What is the millions digit of 518723779?
8
What is the millions digit of 3007942266?
7
What is the ten thousands digit of 250539557?
3
What is the ten thousands digit of 2188644472?
4
What is the ten millions digit of 938527859?
3
What is the hundred millions digit of 2011224385?
0
What is the hundred thousands digit of 10319727?
3
What is the hundreds digit of 94225202?
2
What is the billions digit of 2470502545?
2
What is the tens digit of 36050293?
9
What is the thousands digit of 2025559498?
9
What is the hundred thousands digit of 12266777?
2
What is the hundred thousands digit of 1194440447?
4
What is the tens digit of 197661865?
6
What is the units digit of 7226573785?
5
What is the ten thousands digit of 2185212452?
1
What is the ten millions digit of 1936808499?
3
What is the ten thousands digit of 1145297718?
9
What is the units digit of 389767697?
7
What is the hundreds d